f h(5)?
1
Let m be (6/(-10))/((-1)/5). Suppose -2*i = -m*i + 5. Suppose 180 = -d + i*d. What is the units digit of d?
5
Let u(p) = 23*p**2 + 15*p - 99. What is the tens digit of u(7)?
3
Suppose 11*i - 21215 = 38658. What is the hundreds digit of i?
4
Let h(t) = -14*t**2 - 60*t**3 + 2 + 14*t**2 + 3*t. What is the units digit of h(-1)?
9
Let j = -14 - -5. Let q = j + 24. Let w = 18 - q. What is the units digit of w?
3
What is the units digit of (38/(-6))/((-14)/42)?
9
Suppose -4*s - 667 = -4203. What is the tens digit of s?
8
Suppose 0 = -2*o + 6 + 10. Suppose o*g - 817 = 287. What is the units digit of g?
8
Let u(l) be the third derivative of -l**5/60 + 5*l**4/12 - 2*l**2. Let s be u(10). Suppose s = 3*n + 1 - 4. What is the units digit of n?
1
Let g be (55 - 4) + (-4 - -3). Let p = g - 32. What is the units digit of 3 + 9/(p/(-4))?
1
Suppose -3*h = -4*s + 22, -4*h + 10 = 5*s + h. Suppose 308 = 2*b + 7*m - 3*m, b - 178 = s*m. What is the hundreds digit of b?
1
Let c(w) = 2*w**2 - 2*w + 21. Let y(s) = -s**2 + s - 11. Let k(q) = 3*c(q) + 5*y(q). Let a be k(8). Let r = a - 39. What is the tens digit of r?
2
Suppose -24 = -t - 7. Let k be (t - 15) + (-1 - -1). Suppose -86 = -4*w + k*q, w - 20 = -0*w + q. What is the units digit of w?
3
Let z(b) be the second derivative of -3*b**5/20 + b**4/12 + b**3/6 + 6*b. Let c be z(-1). Suppose g - 68 = -c*g. What is the units digit of g?
7
Suppose 0 = 8*g - 7*g + 4. What is the tens digit of ((-60)/(-6) + g)/(3/44)?
8
Suppose -2*h - 2 = -4, -p = -4*h - 2039. What is the units digit of p?
3
Suppose 73*v = 61*v + 2280. What is the units digit of v?
0
Suppose -6*q - 37 = -2*q - w, -34 = 3*q - 2*w. Let m = q + 83. What is the units digit of m?
5
Let m be ((-15)/(-7) - 3)*-7. Suppose -m = -2*s, 22 = -2*n + 4*n - 2*s. Suppose -1 + 7 = -4*z + 2*v, z - 3*v + n = 0. What is the units digit of z?
1
Let k(i) = i**2 + 14*i - 13. Let b be k(-16). Let y = -17 + b. Suppose 130 - y = 4*l. What is the units digit of l?
2
Suppose -t + 22*t - 2499 = 0. What is the units digit of t?
9
Let t = -36 + 40. Suppose -2*p + 191 = -s, p + t*s = -3*p + 376. What is the tens digit of p?
9
Let t = 7 + -4. Suppose -t*d - 18 = 3*x, 5*x - 3*x = -5*d + 3. Let w = 14 + x. What is the units digit of w?
3
Let i be (-10)/(9/(-20) - (-14)/70). Let k = i - -82. What is the hundreds digit of k?
1
Suppose 8*k + 3*m = 3*k + 919, -4*k = -4*m - 748. Let c = 24 - 14. What is the units digit of (-1)/(-2) + k/c?
9
What is the tens digit of (-1336)/(-12) + 1 + (-8)/24?
1
Let g = 290 - -578. What is the tens digit of g?
6
Let z be 1/(-2)*6 + -32. What is the units digit of (-8)/10 - 2023/z?
7
What is the tens digit of ((-228)/18)/((-12)/486)?
1
Suppose 3*j + 12 = -5*q + 31, -q = 5*j - 17. Suppose 3*x - 160 = -4*s - 2*x, j*s - 85 = 5*x. What is the units digit of s?
5
Suppose 0 = -3*r - 68 - 130. Let u = 154 + r. Suppose -8*a + u = -72. What is the tens digit of a?
2
Let z = -21 - -26. Suppose 4*o + 0*t = t - 117, 0 = -z*t - 15. What is the units digit of 228/10 - 6/o?
3
Suppose 5*z + 4*b = 15, -3*b + 12 = 4*z - b. Let j be 3*(z + 10/(-6)). Suppose -6*t = -j*t - 36. What is the units digit of t?
8
Let m = 192 - -34. What is the units digit of m?
6
Let n be (-1 - -108) + (-7 - 24/(-4)). Suppose 2*b + 313 = 3*o, 4*o = 5*o - b - n. What is the tens digit of o?
0
Let p = 426 - 174. What is the hundreds digit of p?
2
Let u be 6/45 - (-1924)/(-30). Let b = u + 83. What is the tens digit of b?
1
Suppose -672 = -o - 4*l, l = 4*o + 5*l - 2664. What is the units digit of o?
4
Let p be (2 - -2*17)*-6. Let n = 132 + p. What is the tens digit of (n/10)/((-16)/40)?
2
Let q(r) = 1. Let g(w) = -1. Let d(h) = -3*g(h) - 4*q(h). Let x(m) = -7*m + 9. Let l(z) = 2*d(z) + x(z). What is the units digit of l(-5)?
2
Let t(i) = -i**3 - 14*i - 65. What is the units digit of t(-7)?
6
Suppose 3*j - 51 = 393. Suppose -m + j = 3*y, y + 3 = 4*m + 48. What is the units digit of y?
9
Let q(b) = -2*b**2 + 18*b + 4. Let d(f) be the third derivative of f**4/4 - 3*f**3/2 - 7*f**2. Let g be d(3). What is the units digit of q(g)?
4
Let a(p) = -1 - 4 + 1 + 9*p. Let d be a(3). Suppose 2*x + 3*c - d = 0, 4*x - c = -5*c + 40. What is the units digit of x?
7
Let z(r) = -r**3 - 6*r**2 + 10*r + 2. Suppose -2*o - 24 = o. What is the tens digit of z(o)?
5
Let h = 599 + -308. What is the units digit of h?
1
Suppose -3*c + 4*k + 4 = -8, -c = -2*k - 4. Let w be (-4)/(c + (-8)/4). Let m(j) = -12*j - 3. What is the tens digit of m(w)?
2
Suppose -6*n - 246 = -3*n. Let a = 117 + n. What is the units digit of a?
5
Let g = 965 - -63. What is the tens digit of g?
2
Let d(h) = h**3 + 27*h**2 - 3*h - 13. What is the hundreds digit of d(-22)?
4
What is the units digit of (-7 - 118/(-14))*1*413?
0
Suppose -4*s - 28 - 7 = -5*q, -4*s - 29 = -3*q. Suppose 5*w - 5*c - 295 = 0, 183 = q*w + 4*c - 5*c. Suppose -k - k + w = 0. What is the tens digit of k?
3
Suppose 2*m - 4*c - 1794 = 0, 5*m - 4540 = 4*c - 5*c. What is the tens digit of m?
0
Let u(q) be the third derivative of q**5/10 + 13*q**4/24 + q**3/3 + 12*q**2. What is the tens digit of u(-4)?
4
Suppose 0 = 9*a - 869 - 94. Let d = 227 - a. What is the hundreds digit of d?
1
Suppose 488 = s - 4*k, 7*s - 4*s - 2*k = 1474. What is the hundreds digit of (77/44)/(3/s)?
2
Let d(i) = 32*i - 78. What is the tens digit of d(26)?
5
Let l(k) = k**3 + 15*k**2 - 7*k + 12. Suppose -3*y - 90 = 5*i, -53 = 5*i - 5*y - 3. What is the units digit of l(i)?
7
Suppose -4*y + 74*b - 73*b + 24968 = 0, -5*y + 31221 = -4*b. What is the units digit of y?
1
Let z(d) = 31*d + 106. What is the units digit of z(6)?
2
Let z(p) = 170*p**2 + 25*p + 33. What is the tens digit of z(-4)?
5
Suppose 5*t - 15 = 3*q, 2*q - 2*t + 6 = -3*q. Suppose 182 = 4*o + 2*f - q*f, -f + 220 = 5*o. What is the tens digit of o?
4
Suppose -3*l - 18*p + 735 = -17*p, -l = -5*p - 261. What is the tens digit of l?
4
Let y be -1 + (0 - (-2 - 1)). Let p(t) = -3 + 14*t**y + 9*t**2 + 4. What is the units digit of p(1)?
4
Suppose -1841 - 3295 = -2*i. Suppose 11*y = 19*y - i. What is the hundreds digit of y?
3
Let v be -662*1/8 + 3/(-12). Let l = -20 - v. What is the tens digit of l?
6
Let o(n) = 29*n**2 - 2*n + 1. What is the tens digit of o(-4)?
7
What is the hundreds digit of 55/(-385) + 2549/7?
3
Suppose 26*i - 22279 - 15629 = 0. What is the hundreds digit of i?
4
Suppose 2*j - 3*r = -0*j + 533, 2*j - 527 = -3*r. What is the hundreds digit of j?
2
Let t(v) = -v**3 + 8*v**2 - 8*v - 4. Let z be ((-7)/2 - -4)*0. Suppose s = -z*s + 6. What is the units digit of t(s)?
0
Suppose -55 = -3*m + 2*a + 21, 0 = 5*m - 4*a - 130. What is the tens digit of (m/6)/((-6)/(-126))?
7
Let d be 0 - (4 - 10*43). What is the tens digit of 1/((-10)/15) - d/(-4)?
0
Suppose 67*p - 3474 = 61*p. What is the units digit of p?
9
Let s = 1185 - 323. What is the tens digit of s?
6
Let n(c) = -c**2 - 6*c + 3. Let g be n(-6). Suppose -g*j = -6*j + 372. What is the tens digit of ((-12)/24)/((-1)/j)?
6
Let q(m) = m**2 + 3*m - 19. Let z be q(-7). Let g(p) = 2*p**2 - 14*p - 24. What is the units digit of g(z)?
2
Suppose 168 = 5*l - 47. Let b be l + 0*(-1)/2. Suppose -2*t - 7*n + 3*n + 28 = 0, -4*t = -5*n - b. What is the units digit of t?
2
Let t(r) = 31*r**3 - 2*r**2 - 3*r + 4. Let j be t(2). Suppose 0 = -2*h - 5*h + j. What is the units digit of h?
4
What is the units digit of -6 + 12 + (-6 - -78)?
8
What is the tens digit of (59 + -1657)*(-2)/4?
9
Let h(g) = 6*g - 1. Let k(n) = -7*n. Let p(f) = -4*h(f) - 3*k(f). Let l be p(-5). Let r = l - -13. What is the tens digit of r?
3
Suppose 2476 + 1490 = 5*u + 3*j, -3*j + 3174 = 4*u. What is the hundreds digit of u?
7
Let a = 15 + -13. Suppose m + 73 = 5*y - 8, 2*y = -a*m - 174. What is the units digit of m/(-18) + 4/18?
5
Let d = -391 + 260. Let u = d - -280. What is the hundreds digit of u?
1
Let v be -1 + 2 + 3 + 31. What is the units digit of ((-14)/v)/(2/(-140))?
8
Let a = 75 + 3. Suppose -8*x + 5*x = -a. What is the tens digit of x?
2
Suppose 6 = -3*q - 3*p, p + 16 = -2*q - 4*p. Suppose 4*d - 5*c = 1276, -2*d - 2*d = q*c - 1304. What is the tens digit of d?
2
Suppose -4*l + 36 = 4*a, 2*a - a = -2*l + 19. Let y = l + -28. Let f = 36 - y. What is the tens digit of f?
5
Suppose 429 + 687 = 5*j - 2*o, 3*o = 3*j - 675. What 